+ v. Let b be f(-1). Let w be (-34)/b - 4/6. Suppose w*t + 4*s = 2*t + 185, -5*t + 2*s = -343. List the prime factors of t.
67
Suppose 447*s + r - 16657 = 445*s, -8*r + 24966 = 3*s. What are the prime factors of s?
2, 5, 7, 17
Suppose 273*a + 60354 = 336*a. List the prime factors of a.
2, 479
Let b(c) = -8*c**2 - 5*c + 7. Let w(a) = 7*a**2 + 5*a - 6. Let y(u) = 2*b(u) + 3*w(u). Let j be y(1). What are the prime factors of ((-2)/j)/((-1)/(-3)) + 62?
61
Suppose 3*h + 77 = 3*m - h, -2*h = 3*m - 47. Suppose 2*l = 3*u + 9, 4*l = 3*u + m - 4. Suppose -p - 2 = -4*v, -3*p - l*v + 11 = p. List the prime factors of p.
2
Let c(a) = 17*a**3 + 2*a**2 + 3*a + 1. Let i be c(-1). Let x(d) = -d**3 - 15*d**2 + 36*d + 39. What are the prime factors of x(i)?
5
Suppose -4*q + 14028 = 4*w, -4*q = 3*w - 2382 - 8134. Suppose 0 = 5*o - 3*v - 4427, -4*o - v - 4*v = -w. List the prime factors of o.
883
Let i(x) = -5*x + 75*x**3 - 38 - 4*x**2 + 38 + 3*x + 10*x. List the prime factors of i(2).
2, 3, 5
Let z be -18*(-7 - (-88)/16). Suppose 4*f + z = 191. List the prime factors of f.
41
Let m(a) = -5*a - 47. Let l be m(-11). Suppose l*s = 21*s - 2925. List the prime factors of s.
3, 5
Let m = -280 + 44. Let t = -124 - m. What are the prime factors of t?
2, 7
Let p be (-8)/28 - ((-18)/14 + 1). Let l be (3 - 0) + p - -6. Suppose -8*m - 63 = -l*m. What are the prime factors of m?
3, 7
Let y(l) = 2*l**2 - 6 - l - 3*l + 4*l. Let o be y(4). Suppose 2*q - 4*d = o, -3*d - 8 = -2. List the prime factors of q.
3
Suppose -2 = 23*p - 25*p. Let x be 18*(8/12)/((-1)/p). Let u(v) = -v**3 - 12*v**2 - 2*v + 28. List the prime factors of u(x).
2, 13
Let q be ((-78)/10)/(((-45)/9)/(-75)). Let d be (-167)/(-1) - 2/2. Let m = q + d. List the prime factors of m.
7
Let h = -115 - -119. Suppose -4356 = b + b - h*k, -3*k = -9. What are the prime factors of b/8*(-4)/6?
181
List the prime factors of 281 - ((-36)/(-18) - 1*4).
283
Let s(i) = i**3 + 52*i**2 + 31*i - 1790. What are the prime factors of s(-39)?
2, 8387
Suppose d = 3*d - 4. Suppose 50 = -d*a - 178. Let t = a - -195. List the prime factors of t.
3
Suppose 14*k - 331 = 131. Suppose -667 = 32*m - k*m. List the prime factors of m.
23, 29
Let w(i) = -440*i - 1232. List the prime factors of w(-24).
2, 11, 53
Suppose 3*q = -12*d + 11*d + 27559, q + 1 = 0. List the prime factors of d.
2, 13781
Let m(o) = 1279*o - 7786. What are the prime factors of m(11)?
61, 103
Let y(d) = -97*d + 2. Let n be y(-12). Suppose -4*a = -126 - n. What are the prime factors of a?
17, 19
Let y = -138 + 198. Let c = 2 - y. Let j = c + 71. List the prime factors of j.
13
Suppose 16677 = 3*f - 33*v + 36*v, -f + 5541 = -2*v. List the prime factors of f.
3, 617
Suppose f + 246 = 5*o, -135*f + 134*f = -4. Let l = 5 + -15. Let j = o + l. List the prime factors of j.
2, 5
Suppose -164663 = 132*f - 1155782 - 401217. List the prime factors of f.
2, 3, 293
What are the prime factors of 131 + -133 + (-398)/(-2) + 2?
199
Let a(r) = 11*r**2 + 67*r + 2. Let s be a(-6). What are the prime factors of (-6)/2 - -835*(-8)/s?
1667
Let g be 1*-59 - 0*4/(-16). Let i = -31 - g. List the prime factors of 14/i + 10/8*26.
3, 11
Suppose 0 = 7*d - 5*d + 112. Let k = d + 54. List the prime factors of 4088/20 - (-3)/15*k.
2, 3, 17
Let u(m) = -1797*m - 31. What are the prime factors of u(-5)?
2, 11, 37
Suppose 4*w - 144313 = 4*t - 7*t, -2*w = t - 72155. What are the prime factors of w?
2, 29, 311
Let f = 77260 + -17353. What are the prime factors of f?
3, 19, 1051
Suppose -6*x + 7*x - r + 460 = 0, r - 924 = 2*x. Let b be 1/((-10)/x) + 2/(-5). Let f = 83 - b. What are the prime factors of f?
37
Let j(u) = -33*u**2 - 5. Let n(c) = 65*c**2 - c + 12. Let a(i) = -7*j(i) - 3*n(i). What are the prime factors of a(-4)?
563
Suppose 0 = 5*d - 10*d - m + 15, d + 5*m = -21. Suppose -d*x + 6 = -2*l, -5*l = -8*l + 15. List the prime factors of 1017/6 + (2/x)/(-1).
13
Let v be ((-6)/(-10))/(10/50). Suppose -7*f + 108 = -v*f. Let i = 52 - f. List the prime factors of i.
5
Let a(r) = -313*r - 832. What are the prime factors of a(-22)?
2, 3, 1009
Suppose -3*d + 9 = -3. Suppose -g + 243 = -u - 3*u, 3*g + d*u - 745 = 0. What are the prime factors of g?
13, 19
Suppose 2*t + 5*j - 21 = t, -2*t + j + 53 = 0. Suppose 1790 = -t*x + 31*x. What are the prime factors of x?
2, 179
Suppose 60 = -2*t - 6. Let l = 45 + t. Let w(f) = f + 28. What are the prime factors of w(l)?
2, 5
Let a(n) = -11*n - 175. Let w be a(-16). Suppose w = k, -1108 - 272 = -s + k. What are the prime factors of s?
1381
Let v = -15865 + 35911. What are the prime factors of v?
2, 3, 13, 257
Suppose 5*l - 60409 = 3*p, 5*l - 331*p + 334*p = 60391. What are the prime factors of l?
2, 5, 151
Let z(d) = 344*d**3 + 281*d - 855. List the prime factors of z(3).
2, 3, 773
Let k(c) = -6*c + 53. Let t be k(8). Suppose 0 = 3*j - t*j + 2*p - 428, 0 = -3*j - 2*p - 622. List the prime factors of (-6360)/j + (-2)/7.
2, 3, 5
Suppose 0 = 3*l - t - 134, 0 = -5*l - 14*t + 15*t + 220. Suppose 0 = -48*s + l*s + 2245. What are the prime factors of s?
449
Let m be (-6)/(-14) - ((-3509)/77 - 2). List the prime factors of (-1 + 3131)*24/m.
5, 313
Let k(l) = 2685*l + 42. What are the prime factors of k(1)?
3, 101
Let o(j) = 5*j**2 - 12*j - 6. Suppose -16*g - 186 = -19*g. Let t = g + -56. What are the prime factors of o(t)?
2, 3, 17
Let y(k) be the first derivative of 4*k**3/3 - k**2/2 + 14*k - 20. List the prime factors of y(11).
487
Let s = -45084 - -83373. List the prime factors of s.
3, 12763
Suppose 4*i - 2*s = 2050, 3*i + 512 = 4*i - s. Suppose -2*h - 1176 = -4*u, -2*u = -2*h - i - 73. What are the prime factors of u?
5, 59
Suppose -3*m + 4*i = -35306, 12265 - 59329 = -4*m + 4*i. What are the prime factors of m?
2, 5879
Suppose 22*y = -0*y + 318271 + 604497. What are the prime factors of y?
2, 7, 107
Let g = 2904 - -4598. List the prime factors of g.
2, 11, 31
Let y(f) = 6*f + 30. Let p be y(9). Suppose 0 = h + h + p. Let w = -27 - h. List the prime factors of w.
3, 5
Let l(m) = -m**3 + 81*m**2 + m + 1712. What are the prime factors of l(76)?
2, 11, 17, 41
Let v(k) = k**3 + 9*k**2 + 9*k + 24. Let w be v(-7). Let x = 87 - w. List the prime factors of x.
2, 7
Let o be 25630/(-15)*(-2)/((-4)/(-3)). Suppose -127 = 6*g - o. List the prime factors of g.
2, 7, 29
Let s be (-13 - -26)/((-1)/33*1). Let i = s + 833. List the prime factors of i.
2, 101
What are the prime factors of (826430/(-330))/(5/3 - 2)?
11, 683
Let l(o) = -53*o**3 + 13*o**3 - 2*o**2 - 3*o - 1 + o**2. Suppose 0*f - 10 = 10*f. What are the prime factors of l(f)?
41
Let p(b) = 14*b**2 - 4*b. Let s be p(2). Let j = 188 - s. List the prime factors of j.
2, 5, 7
Let v be (-8)/12*30/(-4). Let j(a) = -41*a**2 - 43*a - 2. Let l be j(-1). Suppose -h = -5*t + 4*t - 179, l = v*h + 4*t - 922. What are the prime factors of h?
2, 7, 13
Let g = -241 - -388. Suppose -5*v - 5*x + 270 = 0, -5*x - g + 9 = -3*v. What are the prime factors of v?
3, 17
Suppose 0 = 126*p + 72465 - 1180635. What are the prime factors of p?
5, 1759
Let b = -198 - 256. Let h = 322 + b. Let y = -117 - h. List the prime factors of y.
3, 5
Suppose -4*l = -2*x - 44822, -16174 + 60947 = 4*l + 5*x. List the prime factors of l.
2, 3, 1867
Suppose 2*o + 3*p + 31 = 12, -o - 17 = 4*p. What are the prime factors of (120/16)/(o/(-1290))?
3, 5, 43
Let v = 129 + -271. Let x = v - -379. List the prime factors of x.
3, 79
Let b = -16 - 2. Let l be 1*-1 + (-23 - b). Let m(w) = w**3 + 8*w**2 - 2*w - 6. What are the prime factors of m(l)?
2, 3, 13
Let o(i) = -8*i**3 - 16*i**2 + 13*i - 44. List the prime factors of o(-9).
5, 7
What are the prime factors of 2396 + 48/20*25/15?
2, 3, 5
Let j(q) be the third derivative of 31*q**6/10 - q**3/6 + 13*q**2. Let z be j(-1). List the prime factors of z/(-7) + (-2)/7.
53
Let m = 434 - 353. Suppose -m*h + 64*h + 2941 = 0. What are the prime factors of h?
173
Suppose -a - h = -5819 - 1120, -5*a + 34632 = -2*h. List the prime factors of a.
2, 3, 5, 7, 11
Let a = -58 + 62. Suppose -9*u - 5 - a = 0. What are the prime factors of (115 + -6)*(-1)/u?
109
Suppose 0*j + j = -4*j + 103365. List the prime factors of j.
3, 2297
Let n = 1 - -3. Suppose -n*q - 37 = 135. Let v = q + 82. What are the prime factors of v?
3, 13
Let i(h) = -3*h**2 - 180*h +